{"id":2812,"date":"2018-11-13T11:37:46","date_gmt":"2018-11-13T04:37:46","guid":{"rendered":"https:\/\/tppone.com\/demo\/demo\/?page_id=2812"},"modified":"2024-11-22T08:57:01","modified_gmt":"2024-11-22T01:57:01","slug":"gioi-thieu-dich-vu-mo-khoa-nha-mang-html","status":"publish","type":"page","link":"https:\/\/ninhcongthanh.com\/?page_id=2812","title":{"rendered":"Gi\u1edbi thi\u1ec7u d\u1ecbch v\u1ee5 m\u1edf kh\u00f3a nh\u00e0 m\u1ea1ng"},"content":{"rendered":"\n<p>\u0110\u00e2y l\u00e0 website c\u1ee7a Ninh C\u00f4ng Th\u00e0nh, chuy\u00ean c\u1eadp nh\u1eadt nh\u1eefng tin t\u1ee9c hot nh\u1ea5t m\u1ed9t c\u00e1ch ch\u1ecdn l\u1ecdc. Ngo\u00e0i ra, c\u00f2n c\u00f3 m\u1ed9t s\u1ed1 th\u1ee7 thu\u1eadt, kinh nghi\u1ec7m, h\u01b0\u1edbng d\u1eabn v\u00e0 b\u00e0i vi\u1ebft chia s\u1ebb c\u00e1 nh\u00e2n t\u1edbi \u0111\u1ed9c gi\u1ea3<\/p>\n<p><img loading=\"lazy\" decoding=\"async\" class=\"aligncenter wp-image-2815 size-full\" src=\"https:\/\/vanlam.hungyen.gov.vn\/ckfinder\/userfiles\/images\/tt.jpg\" alt=\"\" width=\"820\" height=\"282\" \/><\/p>\n<p><strong>WEBSITE l\u00e0 t\u00e2m huy\u1ebft c\u1ee7a m\u00ecnh, mong m\u1ecdi ng\u01b0\u1eddi \u1ee7ng h\u1ed9, website s\u1ebd mang \u0111\u1ebfn cho b\u1ea1n:<\/strong><\/p>\n<p>&#8211; Tin t\u1ee9c \u0111\u01b0\u1ee3c x\u00e1c th\u1ef1c ch\u00ednh x\u00e1c<\/p>\n<p>&#8211; C\u1eadp nh\u1eadt k\u1ecbp th\u1eddi t\u00ecnh h\u00ecnh, di\u1ec5n bi\u1ebfn x\u00e3 h\u1ed9i<\/p>\n<p>&#8211; Tin t\u1ee9c kh\u00e1ch quan kh\u00f4ng mang t\u00ednh \u0111\u1ecbnh h\u01b0\u1edbng d\u01b0 lu\u1eadn<\/p>\n<h3 class=\"accordion_title\">C\u00e2u h\u1ecfi th\u01b0\u1eddng g\u1eb7p<\/h3><div class=\"accordion\">\n\n\t<div id=\"accordion-2321667490\" class=\"accordion-item\">\n\t\t<a id=\"accordion-2321667490-label\" class=\"accordion-title plain active\" href=\"#accordion-item-th\u00f4ng-tin-tr\u00ean-website-n\u00e0y-c\u00f3-ch\u00ednh-x\u00e1c-kh\u00f4ng?\" aria-expanded=\"true\" aria-controls=\"accordion-2321667490-content\">\n\t\t\t<button class=\"toggle\" aria-label=\"Toggle\"><i class=\"icon-angle-down\" aria-hidden=\"true\"><\/i><\/button>\n\t\t\t<span>Th\u00f4ng tin tr\u00ean website n\u00e0y c\u00f3 ch\u00ednh x\u00e1c kh\u00f4ng?<\/span>\n\t\t<\/a>\n\t\t<div id=\"accordion-2321667490-content\" class=\"accordion-inner\" style=\"display: block;\" aria-labelledby=\"accordion-2321667490-label\">\n\t\t\t\n\n<p>Trang web \u0111\u01b0\u1ee3c c\u1eadp nh\u1eadt t\u1eeb nh\u1eefng ngu\u1ed3n b\u00e1o ch\u00ed uy t\u00edn nh\u1ea5t trong n\u01b0\u1edbc, b\u1ea1n ho\u00e0n to\u00e0n c\u00f3 th\u1ec3 y\u00ean t\u00e2m<\/p>\n\n\n\t\t<\/div>\n\t<\/div>\n\t\n\t<div id=\"accordion-3315660853\" class=\"accordion-item\">\n\t\t<a id=\"accordion-3315660853-label\" class=\"accordion-title plain\" href=\"#accordion-item-trang-web-n\u00e0y-c\u00f3-m\u1ee5c-\u0111\u00edch-ki\u1ec3m-ti\u1ec1n-kh\u00f4ng?\" aria-expanded=\"false\" aria-controls=\"accordion-3315660853-content\">\n\t\t\t<button class=\"toggle\" aria-label=\"Toggle\"><i class=\"icon-angle-down\" aria-hidden=\"true\"><\/i><\/button>\n\t\t\t<span>Trang web n\u00e0y c\u00f3 m\u1ee5c \u0111\u00edch ki\u1ec3m ti\u1ec1n kh\u00f4ng?<\/span>\n\t\t<\/a>\n\t\t<div id=\"accordion-3315660853-content\" class=\"accordion-inner\" aria-labelledby=\"accordion-3315660853-label\">\n\t\t\t\n\n<p>Trang web ho\u00e0n to\u00e0n \u0111\u01b0\u1ee3c truy c\u1eadp mi\u1ec5n ph\u00ed, \u0111\u01b0\u1ee3c t\u1ea1o ra v\u1edbi m\u1ee5c \u0111\u00edch phi l\u1ee3i nhu\u1eadn<\/p>\n\n\t\t<\/div>\n\t<\/div>\n\t\n\t<div id=\"accordion-1192704971\" class=\"accordion-item\">\n\t\t<a id=\"accordion-1192704971-label\" class=\"accordion-title plain\" href=\"#accordion-item-trang-website-n\u00e0y-\u0111\u01b0\u1ee3c-t\u1ea1o-ra-v\u1edbi-m\u1ee5c-\u0111\u00edch-g\u00ec?\" aria-expanded=\"false\" aria-controls=\"accordion-1192704971-content\">\n\t\t\t<button class=\"toggle\" aria-label=\"Toggle\"><i class=\"icon-angle-down\" aria-hidden=\"true\"><\/i><\/button>\n\t\t\t<span>Trang website n\u00e0y \u0111\u01b0\u1ee3c t\u1ea1o ra v\u1edbi m\u1ee5c \u0111\u00edch g\u00ec?<\/span>\n\t\t<\/a>\n\t\t<div id=\"accordion-1192704971-content\" class=\"accordion-inner\" aria-labelledby=\"accordion-1192704971-label\">\n\t\t\t\n\n<p>Website \u0111\u01b0\u1ee3c t\u1ea1o ra v\u1edbi m\u1ee5c \u0111\u00edch phi l\u1ee3i nhu\u1eadn, \u0111\u1ea3m b\u1ea3o mang \u0111\u1ebfn cho b\u1ea1n nh\u1eefng th\u00f4ng tin h\u1eefu \u00edch nh\u1ea5t<\/p>\n\n\t\t<\/div>\n\t<\/div>\n\t\n\t<div id=\"accordion-4064343236\" class=\"accordion-item\">\n\t\t<a id=\"accordion-4064343236-label\" class=\"accordion-title plain\" href=\"#accordion-item-t\u00f4i-mu\u1ed1n-\u1ee7ng-h\u1ed9-x\u00e2y-d\u1ef1ng-website-th\u00ec-l\u00e0m-th\u1ebf-n\u00e0o?\" aria-expanded=\"false\" aria-controls=\"accordion-4064343236-content\">\n\t\t\t<button class=\"toggle\" aria-label=\"Toggle\"><i class=\"icon-angle-down\" aria-hidden=\"true\"><\/i><\/button>\n\t\t\t<span>T\u00f4i mu\u1ed1n \u1ee7ng h\u1ed9 x\u00e2y d\u1ef1ng website th\u00ec l\u00e0m th\u1ebf n\u00e0o?<\/span>\n\t\t<\/a>\n\t\t<div id=\"accordion-4064343236-content\" class=\"accordion-inner\" aria-labelledby=\"accordion-4064343236-label\">\n\t\t\t\n\n<p>B\u1ea1n ho\u00e0n to\u00e0n c\u00f3 th\u1ec3 li\u00ean h\u1ec7 v\u1edbi t\u00e1c gi\u1ea3 \u0111\u1ec3 \u1ee7ng h\u1ed9 web, theo th\u00f4ng tin \u0111\u00e3 \u0111\u0103ng \u1edf tr\u00ean<\/p>\n\n\t\t<\/div>\n\t<\/div>\n\t\n\n<\/div>\n\n","protected":false},"excerpt":{"rendered":"","protected":false},"author":1,"featured_media":0,"parent":0,"menu_order":0,"comment_status":"closed","ping_status":"closed","template":"page-right-sidebar.php","meta":{"footnotes":""},"class_list":["post-2812","page","type-page","status-publish","hentry"],"_links":{"self":[{"href":"https:\/\/ninhcongthanh.com\/index.php?rest_route=\/wp\/v2\/pages\/2812","targetHints":{"allow":["GET"]}}],"collection":[{"href":"https:\/\/ninhcongthanh.com\/index.php?rest_route=\/wp\/v2\/pages"}],"about":[{"href":"https:\/\/ninhcongthanh.com\/index.php?rest_route=\/wp\/v2\/types\/page"}],"author":[{"embeddable":true,"href":"https:\/\/ninhcongthanh.com\/index.php?rest_route=\/wp\/v2\/users\/1"}],"replies":[{"embeddable":true,"href":"https:\/\/ninhcongthanh.com\/index.php?rest_route=%2Fwp%2Fv2%2Fcomments&post=2812"}],"version-history":[{"count":5,"href":"https:\/\/ninhcongthanh.com\/index.php?rest_route=\/wp\/v2\/pages\/2812\/revisions"}],"predecessor-version":[{"id":3519,"href":"https:\/\/ninhcongthanh.com\/index.php?rest_route=\/wp\/v2\/pages\/2812\/revisions\/3519"}],"wp:attachment":[{"href":"https:\/\/ninhcongthanh.com\/index.php?rest_route=%2Fwp%2Fv2%2Fmedia&parent=2812"}],"curies":[{"name":"wp","href":"https:\/\/api.w.org\/{rel}","templated":true}]}}